 - 1?
-414101240
In base 5, what is 101320 - -42?
101412
In base 6, what is 330 + 11?
341
In base 11, what is 730 + 277?
9a7
In base 14, what is 4 - -73c3?
73c7
In base 7, what is 2 + 1215520?
1215522
In base 5, what is 403311 + 0?
403311
In base 13, what is 10a638 + -4?
10a634
In base 4, what is 13 - -302312011?
302312030
In base 13, what is b2 + 1564?
1646
In base 11, what is -26 - -765?
73a
In base 7, what is -141 + -216?
-360
In base 6, what is -430015 + 3?
-430012
In base 6, what is 31530 + 352?
32322
In base 8, what is 10 - 114367?
-114357
In base 5, what is -43 - -22040411?
22040313
In base 6, what is -241 - 20040?
-20321
In base 11, what is 13996 - -5?
139a0
In base 2, what is 100000011101 - 1?
100000011100
In base 7, what is 6 - -3202154?
3202163
In base 8, what is -160361 + -32?
-160413
In base 8, what is -3240 + 33?
-3205
In base 16, what is 15 + 3ba?
3cf
In base 6, what is 1503021 - -3?
1503024
In base 2, what is 101 - -10111101111100101?
10111101111101010
In base 10, what is -1 + -55183?
-55184
In base 13, what is 75c9 - 7?
75c2
In base 7, what is 51 - 316103?
-316022
In base 10, what is 64 + -1568?
-1504
In base 16, what is 64 + -1d0?
-16c
In base 8, what is 1 + 2402315?
2402316
In base 13, what is 38b0 - 0?
38b0
In base 15, what is 17 + 7?
1e
In base 12, what is 104a65 + -1?
104a64
In base 8, what is 2 + -2601471?
-2601467
In base 8, what is 676 + 36440?
37336
In base 6, what is -2433 + -10?
-2443
In base 14, what is -35 + 2adc?
2aa7
In base 10, what is -1241 + -335?
-1576
In base 2, what is -11111100000111011100 + 11?
-11111100000111011001
In base 7, what is -4 + -260011?
-260015
In base 16, what is 14d9c + -27?
14d75
In base 5, what is -2 + -240010?
-240012
In base 6, what is 3211 + 21?
3232
In base 8, what is -5747570 - 2?
-5747572
In base 16, what is -5 + -544c?
-5451
In base 14, what is -15 + -239b?
-23b2
In base 2, what is -10001000100 + 11001100?
-1101111000
In base 2, what is 1010 - -101001000101?
101001001111
In base 12, what is 0 - 22676a?
-22676a
In base 6, what is -4113221 + -2?
-4113223
In base 6, what is -11 + 42203?
42152
In base 3, what is -100201 + 10201?
-20000
In base 10, what is 22872 - 20?
22852
In base 11, what is -28 - 6a61?
-6a89
In base 5, what is -3340204 - -32?
-3340122
In base 10, what is -127875 + 25?
-127850
In base 4, what is 1310133 + 1130?
1311323
In base 5, what is -11 + -104000?
-104011
In base 7, what is 51 + -11331?
-11250
In base 10, what is -23599 + 5?
-23594
In base 6, what is -1 - 3245?
-3250
In base 5, what is 1022 + 3003?
4030
In base 2, what is 101100100100010 + 1011?
101100100101101
In base 10, what is -1 - 37810?
-37811
In base 11, what is 4 + -57156?
-57152
In base 15, what is 20 - -d19?
d39
In base 16, what is 29 + -3e0f?
-3de6
In base 4, what is -20102031 - -1?
-20102030
In base 11, what is -5a - 178a?
-1839
In base 16, what is 455 + -b7?
39e
In base 9, what is 50 - -830?
880
In base 14, what is -1 + -109647?
-109648
In base 12, what is 6 + 44962?
44968
In base 12, what is 96421 - -3?
96424
In base 11, what is -3 - -751?
749
In base 11, what is -1a421 - -4?
-1a418
In base 7, what is -12 - 424?
-436
In base 5, what is 1034030 - 0?
1034030
In base 11, what is -52 - -aa7?
a55
In base 8, what is -165 - 367?
-554
In base 3, what is -121 + -120121?
-121012
In base 9, what is 74 + 160?
244
In base 3, what is -102112120 - -1?
-102112112
In base 5, what is -110 + 300223?
300113
In base 3, what is -2010202100 + -1?
-2010202101
In base 6, what is 4041 + -351?
3250
In base 15, what is -36d + 3c9?
5b
In base 7, what is -4 - -50542?
50535
In base 2, what is -1 + -100000000110?
-100000000111
In base 6, what is 1 - -400213?
400214
In base 12, what is -417 - -21?
-3b6
In base 2, what is -100 - 10011001110011111?
-10011001110100011
In base 12, what is -2 + 81776?
81774
In base 9, what is 14462 - -277?
14750
In base 4, what is -22 + 21012022?
21012000
In base 5, what is -2103241 + -30?
-2103321
In base 10, what is 89 + 159?
248
In base 9, what is -32466 - -20?
-32446
In base 7, what is 5 + 52501?
52506
In base 16, what is -3a - 271?
-2ab
In base 15, what is -3 + 883a5?
883a2
In base 3, what is -112110 + 22200?
-12210
In base 3, what is 111102021 + -112?
111101202
In base 6, what is 2535130 - -5?
2535135
In base 4, what is -123 - -32000?
31211
In base 15, what is -70 - -214?
194
In base 7, what is -43 + -106?
-152
In base 6, what is 12505 + 11410?
24315
In base 10, what is -22 - 79304?
-79326
In base 15, what is -e179d + -3?
-e17a1
In base 7, what is -1162236 + 1?
-1162235
In base 15, what is -38ac + 4?
-38a8
In base 12, what is 2939 - -4?
2941
In base 5, what is -13434 + -1304?
-20243
In base 16, what is 922c - 0?
922c
In base 5, what is -1 + 230413003?
230413002
In base 5, what is 1103 - 2211132?
-2210024
In base 4, what is -112011110 + 10?
-112011100
In base 15, what is 11 - 26ee?
-26dd
In base 12, what is 2 - -99a5?
99a7
In base 9, what is -13786 + -4?
-13801
In base 6, what is -1532202 + 5?
-1532153
In base 16, what is -142 + 7f?
-c3
In base 4, what is -211200 - 1012?
-212212
In base 13, what is -5b73 + 5?
-5b6b
In base 16, what is -6a3 - 11?
-6b4
In base 16, what is -1458 - -72?
-13e6
In base 13, what is -24a + 46?
-204
In base 9, what is 208 - 103?
105
In base 10, what is -4 - -75296?
75292
In base 2, what is 100001 - -101111101010?
110000001011
In base 3, what is -20 - 201201220010?
-201201220100
In base 12, what is 3113 - 3?
3110
In base 13, what is -c694 + -8?
-c69c
In base 4, what is -20 + 10212300?
10212220
In base 11, what is 56 - 881?
-826
In base 11, what is 16a3 - -98?
1790
In base 13, what is 49933 - -3?
49936
In base 12, what is 4b08 + 11?
4b19
In base 10, what is 665 + 70?
735
In base 14, what is -22 + -2bc2?
-2c04
In base 4, what is -11 - 313020030?
-313020101
In base 7, what is -303 + 132?
-141
In base 10, what is 1 - 77013?
-77012
In base 6, what is -3 + 3010522?
3010515
In base 5, what is 13 - 14141?
-14123
In base 15, what is 1155e7 - -5?
1155ec
In base 3, what is -1210 - 212221?
-221201
In base 9, what is -53 + 13531?
13467
In base 13, what is -c - -14311?
14302
In base 16, what is -284 + -3?
-287
In base 6, what is 1153 + -445?
304
In base 4, what is -200 + 1022003?
1021203
In base 14, what is 3d + -2b?
12
In base 8, what is -11511 - 706?
-12417
In base 4, what is -10 - 1123231220?
-1123231230
In base 5, what is -20111 - -104?
-20002
In base 12, what is 87 - 60?
27
In base 7, what is 3 + 54640?
54643
In base 8, what is -1 - 35325?
-35326
In base 11, what is -68 + -1458?
-1515
In base 7, what is -14523 - 21?
-14544
In base 9, what is 5 - -13522?
13527
In base 4, what is -211 - 1312?
-2123
In base 12, what is 46 - -888?
912
In base 14, what is 10822 - -c?
10830
In base 9, what is 11112 - -11?
11123
In base 5, what is -133 + 103232?
103044
In base 16, what is -804 + 0?
-804
In base 9, what is 686 - -3566?
4363
In base 12, what is -65b2b + 2?
-65b29
In base 7, what is 36460 - 2?
36455
In base 3, what is 1 - -12120222210?
12120222211
In base 8, what is -5 + -14065?
-14072
In base 12, what is -ba6 + 225?
-981
In base 11, what is 102 - 74?
39
In base 13, what is 8929 + 0?
8929
In base 11, what is 245a - 751?
1809
In base 3, what is -1011101 + 111?
-1010220
In base 2, what is -11 + -11101100010?
-11101100101
In base 6, what is 4 + 1022253?
1022301
In base 10, what is 30978 + 0?
30978
In base 6, what is -5 + 31154?
31145
In base 13, what is 27a + 578?
825
In base 16, what is ac7 - -11?
ad8
In base 3, what is -2002 + -1221120221?
-1221200000
In base 6, what is -241014 - -15?
-240555
In base 9, what is 1 - 11577?
-11576
In base 2, what is 101 + 10111111000000100010?
10111111000000100111
In base 10, what is 15275 - 8?
15267
In base 8, what is 33170 + -41?
33127
In base 8, what is -104172 - -4?
-104166
In base 5, what is 22 - 33233?
-33211
In base 15, what is b79 - 9d1?
198
In base 14, what is -3 - 10b3?
-10b6
In base 15, what is -d70a + -1?
-d70b
In base 6, what is 1002 + -515?
43
In base 6, what is 1443 + -1?
1442
In base 13, what is a94 + 2a5?
1069
In base 6, what is -110 + -4?
-114
In base 10, what is 99 - -100?
199
In base 13, what is 9c - -13a?
209
In base 3, what is 1020102112 + 11101?
1020120220
In base 9, what is -56 + 270?
213
In base 7, what is -41 - 1606?
-1650
In base 1